{"id":33,"date":"2020-06-23T11:59:56","date_gmt":"2020-06-23T11:59:56","guid":{"rendered":"http:\/\/localhost\/nsacs\/?page_id=33"},"modified":"2020-06-23T11:59:57","modified_gmt":"2020-06-23T11:59:57","slug":"our-partners","status":"publish","type":"page","link":"https:\/\/nsacs.nagaland.gov.in\/index.php\/our-partners\/","title":{"rendered":"Our Partners"},"content":{"rendered":"<p><img loading=\"lazy\" decoding=\"async\" class=\"alignnone wp-image-34 size-full\" src=\"https:\/\/nsacs.nagaland.gov.in\/wp-content\/uploads\/2016\/03\/Partners-headers.jpg\" alt=\"Partners-headers\" width=\"900\" height=\"313\" srcset=\"https:\/\/nsacs.nagaland.gov.in\/wp-content\/uploads\/2016\/03\/Partners-headers.jpg 900w, https:\/\/nsacs.nagaland.gov.in\/wp-content\/uploads\/2016\/03\/Partners-headers-300x104.jpg 300w, https:\/\/nsacs.nagaland.gov.in\/wp-content\/uploads\/2016\/03\/Partners-headers-768x267.jpg 768w\" sizes=\"(max-width: 900px) 100vw, 900px\" \/><\/p>\n<p>The\u00c2&nbsp;<strong>National AIDS Control Organisation<\/strong>\u00c2&nbsp;(NACO), established in 1992, is a division of\u00c2&nbsp;<a title=\"India\" href=\"http:\/\/en.wikipedia.org\/wiki\/India\">India<\/a>&#8216;s\u00c2&nbsp;<a class=\"mw-redirect\" title=\"Ministry of Health and Family Welfare\" href=\"http:\/\/en.wikipedia.org\/wiki\/Ministry_of_Health_and_Family_Welfare\">Ministry of Health and Family Welfare<\/a>\u00c2&nbsp;that provides leadership to\u00c2&nbsp;<a title=\"HIV\" href=\"http:\/\/en.wikipedia.org\/wiki\/HIV\">HIV<\/a>\/<a class=\"mw-redirect\" title=\"AIDS\" href=\"http:\/\/en.wikipedia.org\/wiki\/AIDS\">AIDS<\/a>\u00c2&nbsp;control programme in\u00c2&nbsp;<a title=\"India\" href=\"http:\/\/en.wikipedia.org\/wiki\/India\">India<\/a>\u00c2&nbsp;through 35 HIV\/AIDS Prevention and Control Societies, and is &#8220;the nodal organisation for formulation of policy and implementation of programs for prevention and control of HIV\/AIDS in India.&#8221;<\/p>\n<p><span class=\"Apple-style-span\">In 2010, NACO approved the\u00c2&nbsp;<a title=\"TeachAIDS\" href=\"http:\/\/en.wikipedia.org\/wiki\/TeachAIDS\">TeachAIDS<\/a>\u00c2&nbsp;curriculum for use in India, an innovation which represented the first time that\u00c2&nbsp;<a title=\"HIV\/AIDS\" href=\"http:\/\/en.wikipedia.org\/wiki\/HIV\/AIDS\">HIV\/AIDS<\/a>\u00c2&nbsp;education could be provided in a curriculum which did not need to be coupled with sex education<span class=\"Apple-style-span\" style=\"font-size: medium;\"><span class=\"Apple-style-span\">.<\/span><\/span><\/span><\/p>\n<p>To know more about NACO visit their website at\u00c2&nbsp;<a href=\"http:\/\/www.nacoonline.org\/\" target=\"_blank\" rel=\"noopener noreferrer\">www.nacoonline.<b>org<\/b>\/<\/a><\/p>\n","protected":false},"excerpt":{"rendered":"<p>The\u00c2&nbsp;National AIDS Control Organisation\u00c2&nbsp;(NACO), established in 1992, is a division of\u00c2&nbsp;India&#8216;s\u00c2&nbsp;Ministry of Health and Family Welfare\u00c2&nbsp;that provides leadership to\u00c2&nbsp;HIV\/AIDS\u00c2&nbsp;control programme in\u00c2&nbsp;India\u00c2&nbsp;through 35 HIV\/AIDS Prevention and Control Societies, and is &#8220;the nodal organisation for formulation&#46;&#46;&#46;<\/p>\n","protected":false},"author":1,"featured_media":0,"parent":0,"menu_order":0,"comment_status":"closed","ping_status":"closed","template":"","meta":{"footnotes":""},"_links":{"self":[{"href":"https:\/\/nsacs.nagaland.gov.in\/index.php\/wp-json\/wp\/v2\/pages\/33"}],"collection":[{"href":"https:\/\/nsacs.nagaland.gov.in\/index.php\/wp-json\/wp\/v2\/pages"}],"about":[{"href":"https:\/\/nsacs.nagaland.gov.in\/index.php\/wp-json\/wp\/v2\/types\/page"}],"author":[{"embeddable":true,"href":"https:\/\/nsacs.nagaland.gov.in\/index.php\/wp-json\/wp\/v2\/users\/1"}],"replies":[{"embeddable":true,"href":"https:\/\/nsacs.nagaland.gov.in\/index.php\/wp-json\/wp\/v2\/comments?post=33"}],"version-history":[{"count":0,"href":"https:\/\/nsacs.nagaland.gov.in\/index.php\/wp-json\/wp\/v2\/pages\/33\/revisions"}],"wp:attachment":[{"href":"https:\/\/nsacs.nagaland.gov.in\/index.php\/wp-json\/wp\/v2\/media?parent=33"}],"curies":[{"name":"wp","href":"https:\/\/api.w.org\/{rel}","templated":true}]}}